{"id":30,"date":"2025-01-02T19:34:30","date_gmt":"2025-01-03T00:34:30","guid":{"rendered":"https:\/\/radioelite997.com\/?page_id=30"},"modified":"2025-01-05T18:44:04","modified_gmt":"2025-01-05T23:44:04","slug":"encuesta-radio-elite","status":"publish","type":"page","link":"https:\/\/radioelite997.com\/app\/encuesta-radio-elite\/","title":{"rendered":"Encuesta Radio Elite"},"content":{"rendered":"\t\t<div data-elementor-type=\"wp-page\" data-elementor-id=\"30\" class=\"elementor elementor-30\" data-elementor-post-type=\"page\">\n\t\t\t\t<div class=\"elementor-element elementor-element-88594f8 e-flex e-con-boxed e-con e-parent\" data-id=\"88594f8\" data-element_type=\"container\">\n\t\t\t\t\t<div class=\"e-con-inner\">\n\t\t<div class=\"elementor-element elementor-element-9359aad e-con-full e-flex e-con e-child\" data-id=\"9359aad\" data-element_type=\"container\">\n\t\t\t\t<div class=\"elementor-element elementor-element-0d0c200 elementor-widget elementor-widget-heading\" data-id=\"0d0c200\" data-element_type=\"widget\" data-widget_type=\"heading.default\">\n\t\t\t\t<div class=\"elementor-widget-container\">\n\t\t\t\t\t<h2 class=\"elementor-heading-title elementor-size-default\">ENCUESTA SOBRE RADIO ELITE<\/h2>\t\t\t\t<\/div>\n\t\t\t\t<\/div>\n\t\t\t\t<div class=\"elementor-element elementor-element-76e71a5 elementor-widget__width-initial elementor-absolute elementor-widget elementor-widget-image\" data-id=\"76e71a5\" data-element_type=\"widget\" data-settings=\"{&quot;_position&quot;:&quot;absolute&quot;}\" data-widget_type=\"image.default\">\n\t\t\t\t<div class=\"elementor-widget-container\">\n\t\t\t\t\t\t\t\t\t\t\t\t\t\t\t<img fetchpriority=\"high\" decoding=\"async\" width=\"649\" height=\"531\" src=\"https:\/\/radioelite997.com\/app\/wp-content\/uploads\/2025\/01\/notamusical7.png\" class=\"attachment-large size-large wp-image-732\" alt=\"\" srcset=\"https:\/\/radioelite997.com\/app\/wp-content\/uploads\/2025\/01\/notamusical7.png 649w, https:\/\/radioelite997.com\/app\/wp-content\/uploads\/2025\/01\/notamusical7-300x245.png 300w\" sizes=\"(max-width: 649px) 100vw, 649px\" \/>\t\t\t\t\t\t\t\t\t\t\t\t\t\t\t<\/div>\n\t\t\t\t<\/div>\n\t\t\t\t<\/div>\n\t\t<div class=\"elementor-element elementor-element-374b376 e-con-full e-flex e-con e-child\" data-id=\"374b376\" data-element_type=\"container\">\n\t\t<div class=\"elementor-element elementor-element-3469186 e-con-full e-flex e-con e-child\" data-id=\"3469186\" data-element_type=\"container\">\n\t\t\t\t<\/div>\n\t\t\t\t<div class=\"elementor-element elementor-element-d2aff9a elementor-button-align-center elementor-widget elementor-widget-form\" data-id=\"d2aff9a\" data-element_type=\"widget\" data-settings=\"{&quot;step_next_label&quot;:&quot;Siguiente&quot;,&quot;step_previous_label&quot;:&quot;Anterior&quot;,&quot;button_width&quot;:&quot;100&quot;,&quot;step_type&quot;:&quot;number_text&quot;,&quot;step_icon_shape&quot;:&quot;circle&quot;}\" data-widget_type=\"form.default\">\n\t\t\t\t<div class=\"elementor-widget-container\">\n\t\t\t\t\t\t\t<form class=\"elementor-form\" method=\"post\" name=\"Nuevo formulario\">\n\t\t\t<input type=\"hidden\" name=\"post_id\" value=\"30\"\/>\n\t\t\t<input type=\"hidden\" name=\"form_id\" value=\"d2aff9a\"\/>\n\t\t\t<input type=\"hidden\" name=\"referer_title\" value=\"Encuesta Radio Elite\" \/>\n\n\t\t\t\t\t\t\t<input type=\"hidden\" name=\"queried_id\" value=\"30\"\/>\n\t\t\t\n\t\t\t<div class=\"elementor-form-fields-wrapper elementor-labels-above\">\n\t\t\t\t\t\t\t\t<div class=\"elementor-field-type-date elementor-field-group elementor-column elementor-field-group-name elementor-col-50 elementor-field-required elementor-mark-required\">\n\t\t\t\t\t\t\t\t\t\t\t\t<label for=\"form-field-name\" class=\"elementor-field-label\">\n\t\t\t\t\t\t\t\t1. Fecha\t\t\t\t\t\t\t<\/label>\n\t\t\t\t\t\t\n\t\t<input type=\"date\" name=\"form_fields[name]\" id=\"form-field-name\" class=\"elementor-field elementor-size-sm  elementor-field-textual elementor-date-field\" placeholder=\"Fecha\" required=\"required\" aria-required=\"true\" pattern=\"[0-9]{4}-[0-9]{2}-[0-9]{2}\">\n\t\t\t\t\t\t<\/div>\n\t\t\t\t\t\t\t\t<div class=\"elementor-field-type-number elementor-field-group elementor-column elementor-field-group-field_484ce08 elementor-col-50 elementor-field-required elementor-mark-required\">\n\t\t\t\t\t\t\t\t\t\t\t\t<label for=\"form-field-field_484ce08\" class=\"elementor-field-label\">\n\t\t\t\t\t\t\t\t2. Edad\t\t\t\t\t\t\t<\/label>\n\t\t\t\t\t\t\t\t\t<input type=\"number\" name=\"form_fields[field_484ce08]\" id=\"form-field-field_484ce08\" class=\"elementor-field elementor-size-sm  elementor-field-textual\" placeholder=\"Edad\" required=\"required\" aria-required=\"true\" min=\"\" max=\"\" >\n\t\t\t\t\t\t<\/div>\n\t\t\t\t\t\t\t\t<div class=\"elementor-field-type-select elementor-field-group elementor-column elementor-field-group-field_127c3c6 elementor-col-50 elementor-field-required elementor-mark-required\">\n\t\t\t\t\t\t\t\t\t\t\t\t<label for=\"form-field-field_127c3c6\" class=\"elementor-field-label\">\n\t\t\t\t\t\t\t\t3. Sexo\t\t\t\t\t\t\t<\/label>\n\t\t\t\t\t\t\t\t<div class=\"elementor-field elementor-select-wrapper remove-before \">\n\t\t\t<div class=\"select-caret-down-wrapper\">\n\t\t\t\t<svg aria-hidden=\"true\" class=\"e-font-icon-svg e-eicon-caret-down\" viewBox=\"0 0 571.4 571.4\" xmlns=\"http:\/\/www.w3.org\/2000\/svg\"><path d=\"M571 393Q571 407 561 418L311 668Q300 679 286 679T261 668L11 418Q0 407 0 393T11 368 36 357H536Q550 357 561 368T571 393Z\"><\/path><\/svg>\t\t\t<\/div>\n\t\t\t<select name=\"form_fields[field_127c3c6]\" id=\"form-field-field_127c3c6\" class=\"elementor-field-textual elementor-size-sm\" required=\"required\" aria-required=\"true\">\n\t\t\t\t\t\t\t\t\t<option value=\"\">Seleccione:<\/option>\n\t\t\t\t\t\t\t\t\t<option value=\"Masculino\">Masculino<\/option>\n\t\t\t\t\t\t\t\t\t<option value=\"Femenino\">Femenino<\/option>\n\t\t\t\t\t\t\t<\/select>\n\t\t<\/div>\n\t\t\t\t\t\t<\/div>\n\t\t\t\t\t\t\t\t<div class=\"elementor-field-type-radio elementor-field-group elementor-column elementor-field-group-field_4c80ca2 elementor-col-50 elementor-field-required elementor-mark-required\">\n\t\t\t\t\t\t\t\t\t\t\t\t<label for=\"form-field-field_4c80ca2\" class=\"elementor-field-label\">\n\t\t\t\t\t\t\t\t4. \u00bfCon qu\u00e9 frecuencia escuchas la radio?\t\t\t\t\t\t\t<\/label>\n\t\t\t\t\t\t<div class=\"elementor-field-subgroup  elementor-subgroup-inline\"><span class=\"elementor-field-option\"><input type=\"radio\" value=\"Siempre que puedo\" id=\"form-field-field_4c80ca2-0\" name=\"form_fields[field_4c80ca2]\" required=\"required\" aria-required=\"true\"> <label for=\"form-field-field_4c80ca2-0\">Siempre que puedo<\/label><\/span><span class=\"elementor-field-option\"><input type=\"radio\" value=\"Algunas veces\" id=\"form-field-field_4c80ca2-1\" name=\"form_fields[field_4c80ca2]\" required=\"required\" aria-required=\"true\"> <label for=\"form-field-field_4c80ca2-1\">Algunas veces<\/label><\/span><span class=\"elementor-field-option\"><input type=\"radio\" value=\"Casi nunca\" id=\"form-field-field_4c80ca2-2\" name=\"form_fields[field_4c80ca2]\" required=\"required\" aria-required=\"true\"> <label for=\"form-field-field_4c80ca2-2\">Casi nunca<\/label><\/span><span class=\"elementor-field-option\"><input type=\"radio\" value=\"Nunca\" id=\"form-field-field_4c80ca2-3\" name=\"form_fields[field_4c80ca2]\" required=\"required\" aria-required=\"true\"> <label for=\"form-field-field_4c80ca2-3\">Nunca<\/label><\/span><\/div>\t\t\t\t<\/div>\n\t\t\t\t\t\t\t\t<div class=\"elementor-field-type-radio elementor-field-group elementor-column elementor-field-group-field_bc254ff elementor-col-50 elementor-field-required elementor-mark-required\">\n\t\t\t\t\t\t\t\t\t\t\t\t<label for=\"form-field-field_bc254ff\" class=\"elementor-field-label\">\n\t\t\t\t\t\t\t\t5. \u00bfEn qu\u00e9 momento del dia escuchas la radio? Por las ma\u00f1anas.\t\t\t\t\t\t\t<\/label>\n\t\t\t\t\t\t<div class=\"elementor-field-subgroup  elementor-subgroup-inline\"><span class=\"elementor-field-option\"><input type=\"radio\" value=\"Al mediod\u00eda\" id=\"form-field-field_bc254ff-0\" name=\"form_fields[field_bc254ff]\" required=\"required\" aria-required=\"true\"> <label for=\"form-field-field_bc254ff-0\">Al mediod\u00eda<\/label><\/span><span class=\"elementor-field-option\"><input type=\"radio\" value=\"Por las tardes\" id=\"form-field-field_bc254ff-1\" name=\"form_fields[field_bc254ff]\" required=\"required\" aria-required=\"true\"> <label for=\"form-field-field_bc254ff-1\">Por las tardes<\/label><\/span><span class=\"elementor-field-option\"><input type=\"radio\" value=\"Por las noches\" id=\"form-field-field_bc254ff-2\" name=\"form_fields[field_bc254ff]\" required=\"required\" aria-required=\"true\"> <label for=\"form-field-field_bc254ff-2\">Por las noches<\/label><\/span><span class=\"elementor-field-option\"><input type=\"radio\" value=\"De madrugada\" id=\"form-field-field_bc254ff-3\" name=\"form_fields[field_bc254ff]\" required=\"required\" aria-required=\"true\"> <label for=\"form-field-field_bc254ff-3\">De madrugada<\/label><\/span><\/div>\t\t\t\t<\/div>\n\t\t\t\t\t\t\t\t<div class=\"elementor-field-type-radio elementor-field-group elementor-column elementor-field-group-field_2a1e63d elementor-col-50 elementor-field-required elementor-mark-required\">\n\t\t\t\t\t\t\t\t\t\t\t\t<label for=\"form-field-field_2a1e63d\" class=\"elementor-field-label\">\n\t\t\t\t\t\t\t\t6. \u00bfCuanto tiempo lleva utilizando los productos\/servicios de Radio \u00c9lite?\t\t\t\t\t\t\t<\/label>\n\t\t\t\t\t\t<div class=\"elementor-field-subgroup  elementor-subgroup-inline\"><span class=\"elementor-field-option\"><input type=\"radio\" value=\"Menos de 1 mes\" id=\"form-field-field_2a1e63d-0\" name=\"form_fields[field_2a1e63d]\" required=\"required\" aria-required=\"true\"> <label for=\"form-field-field_2a1e63d-0\">Menos de 1 mes<\/label><\/span><span class=\"elementor-field-option\"><input type=\"radio\" value=\"De 1 a 3 meses\" id=\"form-field-field_2a1e63d-1\" name=\"form_fields[field_2a1e63d]\" required=\"required\" aria-required=\"true\"> <label for=\"form-field-field_2a1e63d-1\">De 1 a 3 meses<\/label><\/span><span class=\"elementor-field-option\"><input type=\"radio\" value=\"De 3 a 5 meses\" id=\"form-field-field_2a1e63d-2\" name=\"form_fields[field_2a1e63d]\" required=\"required\" aria-required=\"true\"> <label for=\"form-field-field_2a1e63d-2\">De 3 a 5 meses<\/label><\/span><span class=\"elementor-field-option\"><input type=\"radio\" value=\"M\u00e1s de 6 meses\" id=\"form-field-field_2a1e63d-3\" name=\"form_fields[field_2a1e63d]\" required=\"required\" aria-required=\"true\"> <label for=\"form-field-field_2a1e63d-3\">M\u00e1s de 6 meses<\/label><\/span><\/div>\t\t\t\t<\/div>\n\t\t\t\t\t\t\t\t<div class=\"elementor-field-type-radio elementor-field-group elementor-column elementor-field-group-field_c2a99b5 elementor-col-50 elementor-field-required elementor-mark-required\">\n\t\t\t\t\t\t\t\t\t\t\t\t<label for=\"form-field-field_c2a99b5\" class=\"elementor-field-label\">\n\t\t\t\t\t\t\t\t7. Que tipo de programa o programas escuchas\t\t\t\t\t\t\t<\/label>\n\t\t\t\t\t\t<div class=\"elementor-field-subgroup  elementor-subgroup-inline\"><span class=\"elementor-field-option\"><input type=\"radio\" value=\"Informativos\" id=\"form-field-field_c2a99b5-0\" name=\"form_fields[field_c2a99b5]\" required=\"required\" aria-required=\"true\"> <label for=\"form-field-field_c2a99b5-0\">Informativos<\/label><\/span><span class=\"elementor-field-option\"><input type=\"radio\" value=\"Culturales\" id=\"form-field-field_c2a99b5-1\" name=\"form_fields[field_c2a99b5]\" required=\"required\" aria-required=\"true\"> <label for=\"form-field-field_c2a99b5-1\">Culturales<\/label><\/span><span class=\"elementor-field-option\"><input type=\"radio\" value=\"Magacines\" id=\"form-field-field_c2a99b5-2\" name=\"form_fields[field_c2a99b5]\" required=\"required\" aria-required=\"true\"> <label for=\"form-field-field_c2a99b5-2\">Magacines<\/label><\/span><span class=\"elementor-field-option\"><input type=\"radio\" value=\"Musicales\" id=\"form-field-field_c2a99b5-3\" name=\"form_fields[field_c2a99b5]\" required=\"required\" aria-required=\"true\"> <label for=\"form-field-field_c2a99b5-3\">Musicales<\/label><\/span><span class=\"elementor-field-option\"><input type=\"radio\" value=\"Deportivos\" id=\"form-field-field_c2a99b5-4\" name=\"form_fields[field_c2a99b5]\" required=\"required\" aria-required=\"true\"> <label for=\"form-field-field_c2a99b5-4\">Deportivos<\/label><\/span><span class=\"elementor-field-option\"><input type=\"radio\" value=\"Otros\" id=\"form-field-field_c2a99b5-5\" name=\"form_fields[field_c2a99b5]\" required=\"required\" aria-required=\"true\"> <label for=\"form-field-field_c2a99b5-5\">Otros<\/label><\/span><\/div>\t\t\t\t<\/div>\n\t\t\t\t\t\t\t\t<div class=\"elementor-field-type-radio elementor-field-group elementor-column elementor-field-group-field_d2e0558 elementor-col-50 elementor-field-required elementor-mark-required\">\n\t\t\t\t\t\t\t\t\t\t\t\t<label for=\"form-field-field_d2e0558\" class=\"elementor-field-label\">\n\t\t\t\t\t\t\t\t8. \u00bfCrees que la radio es un medio de poder en nuestra sociedad?\t\t\t\t\t\t\t<\/label>\n\t\t\t\t\t\t<div class=\"elementor-field-subgroup  elementor-subgroup-inline\"><span class=\"elementor-field-option\"><input type=\"radio\" value=\"Si\" id=\"form-field-field_d2e0558-0\" name=\"form_fields[field_d2e0558]\" required=\"required\" aria-required=\"true\"> <label for=\"form-field-field_d2e0558-0\">Si<\/label><\/span><span class=\"elementor-field-option\"><input type=\"radio\" value=\"No\" id=\"form-field-field_d2e0558-1\" name=\"form_fields[field_d2e0558]\" required=\"required\" aria-required=\"true\"> <label for=\"form-field-field_d2e0558-1\">No<\/label><\/span><span class=\"elementor-field-option\"><input type=\"radio\" value=\"No sabe o no contesta\" id=\"form-field-field_d2e0558-2\" name=\"form_fields[field_d2e0558]\" required=\"required\" aria-required=\"true\"> <label for=\"form-field-field_d2e0558-2\">No sabe o no contesta<\/label><\/span><\/div>\t\t\t\t<\/div>\n\t\t\t\t\t\t\t\t<div class=\"elementor-field-type-textarea elementor-field-group elementor-column elementor-field-group-field_6f037b9 elementor-col-50 elementor-field-required elementor-mark-required\">\n\t\t\t\t\t\t\t\t\t\t\t\t<label for=\"form-field-field_6f037b9\" class=\"elementor-field-label\">\n\t\t\t\t\t\t\t\t9. \u00bfQui\u00e9n es tu locutor o locutora favorito de Radio \u00c9lite?\t\t\t\t\t\t\t<\/label>\n\t\t\t\t\t\t<textarea class=\"elementor-field-textual elementor-field  elementor-size-sm\" name=\"form_fields[field_6f037b9]\" id=\"form-field-field_6f037b9\" rows=\"4\" placeholder=\"Comente aqu\u00ed\" required=\"required\" aria-required=\"true\"><\/textarea>\t\t\t\t<\/div>\n\t\t\t\t\t\t\t\t<div class=\"elementor-field-type-textarea elementor-field-group elementor-column elementor-field-group-field_65e066d elementor-col-50 elementor-field-required elementor-mark-required\">\n\t\t\t\t\t\t\t\t\t\t\t\t<label for=\"form-field-field_65e066d\" class=\"elementor-field-label\">\n\t\t\t\t\t\t\t\t10. \u00bfCu\u00e1l o cu\u00e1les son tu programas de Radio \u00c9lite?\t\t\t\t\t\t\t<\/label>\n\t\t\t\t\t\t<textarea class=\"elementor-field-textual elementor-field  elementor-size-sm\" name=\"form_fields[field_65e066d]\" id=\"form-field-field_65e066d\" rows=\"4\" placeholder=\"Comente aqu\u00ed\" required=\"required\" aria-required=\"true\"><\/textarea>\t\t\t\t<\/div>\n\t\t\t\t\t\t\t\t<div class=\"elementor-field-type-textarea elementor-field-group elementor-column elementor-field-group-field_6cbfc39 elementor-col-100 elementor-field-required elementor-mark-required\">\n\t\t\t\t\t\t\t\t\t\t\t\t<label for=\"form-field-field_6cbfc39\" class=\"elementor-field-label\">\n\t\t\t\t\t\t\t\t11. Sugerencias o recomendaciones para una mejora.\t\t\t\t\t\t\t<\/label>\n\t\t\t\t\t\t<textarea class=\"elementor-field-textual elementor-field  elementor-size-sm\" name=\"form_fields[field_6cbfc39]\" id=\"form-field-field_6cbfc39\" rows=\"4\" placeholder=\"Comente aqu\u00ed\" required=\"required\" aria-required=\"true\"><\/textarea>\t\t\t\t<\/div>\n\t\t\t\t\t\t\t\t<div class=\"elementor-field-group elementor-column elementor-field-type-submit elementor-col-100 e-form__buttons\">\n\t\t\t\t\t<button class=\"elementor-button elementor-size-sm\" type=\"submit\">\n\t\t\t\t\t\t<span class=\"elementor-button-content-wrapper\">\n\t\t\t\t\t\t\t\t\t\t\t\t\t\t\t\t\t\t\t\t\t\t<span class=\"elementor-button-text\">Enviar<\/span>\n\t\t\t\t\t\t\t\t\t\t\t\t\t<\/span>\n\t\t\t\t\t<\/button>\n\t\t\t\t<\/div>\n\t\t\t<\/div>\n\t\t<\/form>\n\t\t\t\t\t\t<\/div>\n\t\t\t\t<\/div>\n\t\t<div class=\"elementor-element elementor-element-f55a1a2 e-con-full e-flex e-con e-child\" data-id=\"f55a1a2\" data-element_type=\"container\">\n\t\t\t\t<\/div>\n\t\t\t\t<\/div>\n\t\t\t\t\t<\/div>\n\t\t\t\t<\/div>\n\t\t<div class=\"elementor-element elementor-element-9f219f1 e-flex e-con-boxed e-con e-parent\" data-id=\"9f219f1\" data-element_type=\"container\">\n\t\t\t\t\t<div class=\"e-con-inner\">\n\t\t\t\t\t<\/div>\n\t\t\t\t<\/div>\n\t\t<div class=\"elementor-element elementor-element-f765d7f e-flex e-con-boxed e-con e-parent\" data-id=\"f765d7f\" data-element_type=\"container\">\n\t\t\t\t\t<div class=\"e-con-inner\">\n\t\t\t\t\t<\/div>\n\t\t\t\t<\/div>\n\t\t\t\t<\/div>\n\t\t","protected":false},"excerpt":{"rendered":"<p>ENCUESTA SOBRE RADIO ELITE<\/p>\n","protected":false},"author":1,"featured_media":0,"parent":0,"menu_order":0,"comment_status":"closed","ping_status":"closed","template":"","meta":{"site-sidebar-layout":"no-sidebar","site-content-layout":"","ast-site-content-layout":"full-width-container","site-content-style":"default","site-sidebar-style":"default","ast-global-header-display":"","ast-banner-title-visibility":"","ast-main-header-display":"","ast-hfb-above-header-display":"","ast-hfb-below-header-display":"","ast-hfb-mobile-header-display":"","site-post-title":"disabled","ast-breadcrumbs-content":"","ast-featured-img":"disabled","footer-sml-layout":"","theme-transparent-header-meta":"default","adv-header-id-meta":"","stick-header-meta":"","header-above-stick-meta":"","header-main-stick-meta":"","header-below-stick-meta":"","astra-migrate-meta-layouts":"set","ast-page-background-enabled":"default","ast-page-background-meta":{"desktop":{"background-color":"var(--ast-global-color-5)","background-image":"","background-repeat":"repeat","background-position":"center center","background-size":"auto","background-attachment":"scroll","background-type":"","background-media":"","overlay-type":"","overlay-color":"","overlay-opacity":"","overlay-gradient":""},"tablet":{"background-color":"","background-image":"","background-repeat":"repeat","background-position":"center center","background-size":"auto","background-attachment":"scroll","background-type":"","background-media":"","overlay-type":"","overlay-color":"","overlay-opacity":"","overlay-gradient":""},"mobile":{"background-color":"","background-image":"","background-repeat":"repeat","background-position":"center center","background-size":"auto","background-attachment":"scroll","background-type":"","background-media":"","overlay-type":"","overlay-color":"","overlay-opacity":"","overlay-gradient":""}},"ast-content-background-meta":{"desktop":{"background-color":"var(--ast-global-color-4)","background-image":"","background-repeat":"repeat","background-position":"center center","background-size":"auto","background-attachment":"scroll","background-type":"","background-media":"","overlay-type":"","overlay-color":"","overlay-opacity":"","overlay-gradient":""},"tablet":{"background-color":"var(--ast-global-color-4)","background-image":"","background-repeat":"repeat","background-position":"center center","background-size":"auto","background-attachment":"scroll","background-type":"","background-media":"","overlay-type":"","overlay-color":"","overlay-opacity":"","overlay-gradient":""},"mobile":{"background-color":"var(--ast-global-color-4)","background-image":"","background-repeat":"repeat","background-position":"center center","background-size":"auto","background-attachment":"scroll","background-type":"","background-media":"","overlay-type":"","overlay-color":"","overlay-opacity":"","overlay-gradient":""}},"footnotes":""},"class_list":["post-30","page","type-page","status-publish","hentry"],"_links":{"self":[{"href":"https:\/\/radioelite997.com\/app\/wp-json\/wp\/v2\/pages\/30","targetHints":{"allow":["GET"]}}],"collection":[{"href":"https:\/\/radioelite997.com\/app\/wp-json\/wp\/v2\/pages"}],"about":[{"href":"https:\/\/radioelite997.com\/app\/wp-json\/wp\/v2\/types\/page"}],"author":[{"embeddable":true,"href":"https:\/\/radioelite997.com\/app\/wp-json\/wp\/v2\/users\/1"}],"replies":[{"embeddable":true,"href":"https:\/\/radioelite997.com\/app\/wp-json\/wp\/v2\/comments?post=30"}],"version-history":[{"count":76,"href":"https:\/\/radioelite997.com\/app\/wp-json\/wp\/v2\/pages\/30\/revisions"}],"predecessor-version":[{"id":785,"href":"https:\/\/radioelite997.com\/app\/wp-json\/wp\/v2\/pages\/30\/revisions\/785"}],"wp:attachment":[{"href":"https:\/\/radioelite997.com\/app\/wp-json\/wp\/v2\/media?parent=30"}],"curies":[{"name":"wp","href":"https:\/\/api.w.org\/{rel}","templated":true}]}}